{"id":397,"date":"2022-10-31T17:06:06","date_gmt":"2022-10-31T15:06:06","guid":{"rendered":"https:\/\/secret.iisilogistiikka.fi\/shop\/?post_type=product&#038;p=397"},"modified":"2025-04-11T00:49:33","modified_gmt":"2025-04-10T21:49:33","slug":"taylors-of-harrogate-afternoon-darjeeling-125-g","status":"publish","type":"product","link":"https:\/\/secret.iisilogistiikka.fi\/shop\/tuote\/taylors-of-harrogate-afternoon-darjeeling-125-g\/","title":{"rendered":"Taylors Of Harrogate &#8211; Afternoon Darjeeling Leaf Tea, 125 G"},"content":{"rendered":"<p>Hienostunut musta tee, joka ker\u00e4t\u00e4\u00e4n Himalajan vuoristosta teen kukan ollessa parhaimmillaan.<br \/>\nHaudutusaika 3-4 minuuttia<\/p>\n<p><strong>Myyntier\u00e4:<\/strong> 6KPL<\/p>\n<p><a href=\"https:\/\/secret.iisilogistiikka.fi\/shop\/wp-content\/uploads\/2022\/10\/yorkshire_irto-350x91-1.png\"><img loading=\"lazy\" decoding=\"async\" class=\"alignnone size-medium wp-image-398\" src=\"https:\/\/secret.iisilogistiikka.fi\/shop\/wp-content\/uploads\/2022\/10\/yorkshire_irto-350x91-1-300x78.png\" alt=\"\" width=\"300\" height=\"78\" srcset=\"https:\/\/secret.iisilogistiikka.fi\/shop\/wp-content\/uploads\/2022\/10\/yorkshire_irto-350x91-1-300x78.png 300w, https:\/\/secret.iisilogistiikka.fi\/shop\/wp-content\/uploads\/2022\/10\/yorkshire_irto-350x91-1.png 350w\" sizes=\"(max-width: 300px) 100vw, 300px\" \/><\/a><\/p>\n<p><a href=\"https:\/\/secret.iisilogistiikka.fi\/shop\/wp-content\/uploads\/2022\/10\/taylors_kuninkaallisten_logot-350x105-1.png\"><img loading=\"lazy\" decoding=\"async\" class=\"alignnone size-medium wp-image-399\" src=\"https:\/\/secret.iisilogistiikka.fi\/shop\/wp-content\/uploads\/2022\/10\/taylors_kuninkaallisten_logot-350x105-1-300x90.png\" alt=\"\" width=\"300\" height=\"90\" srcset=\"https:\/\/secret.iisilogistiikka.fi\/shop\/wp-content\/uploads\/2022\/10\/taylors_kuninkaallisten_logot-350x105-1-300x90.png 300w, https:\/\/secret.iisilogistiikka.fi\/shop\/wp-content\/uploads\/2022\/10\/taylors_kuninkaallisten_logot-350x105-1.png 350w\" sizes=\"(max-width: 300px) 100vw, 300px\" \/><\/a><\/p>\n","protected":false},"excerpt":{"rendered":"<p>Hienostunut musta tee, joka ker\u00e4t\u00e4\u00e4n Himalajan vuoristosta teen kukan ollessa parhaimmillaan.<\/p>\n","protected":false},"featured_media":400,"comment_status":"open","ping_status":"closed","template":"","meta":[],"product_cat":[41],"product_tag":[72,82,74,73],"yoast_head":"<!-- This site is optimized with the Yoast SEO plugin v21.5 - https:\/\/yoast.com\/wordpress\/plugins\/seo\/ -->\n<title>Taylors Of Harrogate - Afternoon Darjeeling Leaf Tea, 125 G - Iisishopping<\/title>\n<meta name=\"description\" content=\"Hienostunut musta tee, joka ker\u00e4t\u00e4\u00e4n Himalajan vuoristosta teen kukan ollessa parhaimmillaan.\" \/>\n<meta name=\"robots\" content=\"index, follow, max-snippet:-1, max-image-preview:large, max-video-preview:-1\" \/>\n<link rel=\"canonical\" href=\"https:\/\/secret.iisilogistiikka.fi\/shop\/tuote\/taylors-of-harrogate-afternoon-darjeeling-125-g\/\" \/>\n<meta property=\"og:locale\" content=\"fi_FI\" \/>\n<meta property=\"og:type\" content=\"article\" \/>\n<meta property=\"og:title\" content=\"Taylors Of Harrogate - Afternoon Darjeeling Leaf Tea, 125 G - Iisishopping\" \/>\n<meta property=\"og:description\" content=\"Hienostunut musta tee, joka ker\u00e4t\u00e4\u00e4n Himalajan vuoristosta teen kukan ollessa parhaimmillaan.\" \/>\n<meta property=\"og:url\" content=\"https:\/\/secret.iisilogistiikka.fi\/shop\/tuote\/taylors-of-harrogate-afternoon-darjeeling-125-g\/\" \/>\n<meta property=\"og:site_name\" content=\"Iisishopping\" \/>\n<meta property=\"article:publisher\" content=\"https:\/\/www.facebook.com\/iisilogistiikka\" \/>\n<meta property=\"article:modified_time\" content=\"2025-04-10T21:49:33+00:00\" \/>\n<meta property=\"og:image\" content=\"https:\/\/secret.iisilogistiikka.fi\/shop\/wp-content\/uploads\/2022\/10\/taylors_afternoondarjeeling_front-top_125g.jpg\" \/>\n\t<meta property=\"og:image:width\" content=\"700\" \/>\n\t<meta property=\"og:image:height\" content=\"700\" \/>\n\t<meta property=\"og:image:type\" content=\"image\/jpeg\" \/>\n<meta name=\"twitter:card\" content=\"summary_large_image\" \/>\n<meta name=\"twitter:label1\" content=\"Arvioitu lukuaika\" \/>\n\t<meta name=\"twitter:data1\" content=\"1 minuutti\" \/>\n<script type=\"application\/ld+json\" class=\"yoast-schema-graph\">{\"@context\":\"https:\/\/schema.org\",\"@graph\":[{\"@type\":\"WebPage\",\"@id\":\"https:\/\/secret.iisilogistiikka.fi\/shop\/tuote\/taylors-of-harrogate-afternoon-darjeeling-125-g\/\",\"url\":\"https:\/\/secret.iisilogistiikka.fi\/shop\/tuote\/taylors-of-harrogate-afternoon-darjeeling-125-g\/\",\"name\":\"Taylors Of Harrogate - Afternoon Darjeeling Leaf Tea, 125 G - Iisishopping\",\"isPartOf\":{\"@id\":\"https:\/\/secret.iisilogistiikka.fi\/shop\/#website\"},\"datePublished\":\"2022-10-31T15:06:06+00:00\",\"dateModified\":\"2025-04-10T21:49:33+00:00\",\"description\":\"Hienostunut musta tee, joka ker\u00e4t\u00e4\u00e4n Himalajan vuoristosta teen kukan ollessa parhaimmillaan.\",\"breadcrumb\":{\"@id\":\"https:\/\/secret.iisilogistiikka.fi\/shop\/tuote\/taylors-of-harrogate-afternoon-darjeeling-125-g\/#breadcrumb\"},\"inLanguage\":\"fi\",\"potentialAction\":[{\"@type\":\"ReadAction\",\"target\":[\"https:\/\/secret.iisilogistiikka.fi\/shop\/tuote\/taylors-of-harrogate-afternoon-darjeeling-125-g\/\"]}]},{\"@type\":\"BreadcrumbList\",\"@id\":\"https:\/\/secret.iisilogistiikka.fi\/shop\/tuote\/taylors-of-harrogate-afternoon-darjeeling-125-g\/#breadcrumb\",\"itemListElement\":[{\"@type\":\"ListItem\",\"position\":1,\"name\":\"Etusivu\",\"item\":\"https:\/\/secret.iisilogistiikka.fi\/shop\/\"},{\"@type\":\"ListItem\",\"position\":2,\"name\":\"Kauppa\",\"item\":\"https:\/\/secret.iisilogistiikka.fi\/shop\/kauppa\/\"},{\"@type\":\"ListItem\",\"position\":3,\"name\":\"Taylors Of Harrogate &#8211; Afternoon Darjeeling Leaf Tea, 125 G\"}]},{\"@type\":\"WebSite\",\"@id\":\"https:\/\/secret.iisilogistiikka.fi\/shop\/#website\",\"url\":\"https:\/\/secret.iisilogistiikka.fi\/shop\/\",\"name\":\"Iisishopping\",\"description\":\"B2B tukkukauppa kaupoille ja yrityksille\",\"publisher\":{\"@id\":\"https:\/\/secret.iisilogistiikka.fi\/shop\/#organization\"},\"potentialAction\":[{\"@type\":\"SearchAction\",\"target\":{\"@type\":\"EntryPoint\",\"urlTemplate\":\"https:\/\/secret.iisilogistiikka.fi\/shop\/?s={search_term_string}\"},\"query-input\":\"required name=search_term_string\"}],\"inLanguage\":\"fi\"},{\"@type\":\"Organization\",\"@id\":\"https:\/\/secret.iisilogistiikka.fi\/shop\/#organization\",\"name\":\"Iisishopping\",\"url\":\"https:\/\/secret.iisilogistiikka.fi\/shop\/\",\"logo\":{\"@type\":\"ImageObject\",\"inLanguage\":\"fi\",\"@id\":\"https:\/\/secret.iisilogistiikka.fi\/shop\/#\/schema\/logo\/image\/\",\"url\":\"https:\/\/secret.iisilogistiikka.fi\/shop\/wp-content\/uploads\/2022\/06\/cropped-iisishopping.png\",\"contentUrl\":\"https:\/\/secret.iisilogistiikka.fi\/shop\/wp-content\/uploads\/2022\/06\/cropped-iisishopping.png\",\"width\":1500,\"height\":750,\"caption\":\"Iisishopping\"},\"image\":{\"@id\":\"https:\/\/secret.iisilogistiikka.fi\/shop\/#\/schema\/logo\/image\/\"},\"sameAs\":[\"https:\/\/www.facebook.com\/iisilogistiikka\"]}]}<\/script>\n<!-- \/ Yoast SEO plugin. -->","yoast_head_json":{"title":"Taylors Of Harrogate - Afternoon Darjeeling Leaf Tea, 125 G - Iisishopping","description":"Hienostunut musta tee, joka ker\u00e4t\u00e4\u00e4n Himalajan vuoristosta teen kukan ollessa parhaimmillaan.","robots":{"index":"index","follow":"follow","max-snippet":"max-snippet:-1","max-image-preview":"max-image-preview:large","max-video-preview":"max-video-preview:-1"},"canonical":"https:\/\/secret.iisilogistiikka.fi\/shop\/tuote\/taylors-of-harrogate-afternoon-darjeeling-125-g\/","og_locale":"fi_FI","og_type":"article","og_title":"Taylors Of Harrogate - Afternoon Darjeeling Leaf Tea, 125 G - Iisishopping","og_description":"Hienostunut musta tee, joka ker\u00e4t\u00e4\u00e4n Himalajan vuoristosta teen kukan ollessa parhaimmillaan.","og_url":"https:\/\/secret.iisilogistiikka.fi\/shop\/tuote\/taylors-of-harrogate-afternoon-darjeeling-125-g\/","og_site_name":"Iisishopping","article_publisher":"https:\/\/www.facebook.com\/iisilogistiikka","article_modified_time":"2025-04-10T21:49:33+00:00","og_image":[{"width":700,"height":700,"url":"https:\/\/secret.iisilogistiikka.fi\/shop\/wp-content\/uploads\/2022\/10\/taylors_afternoondarjeeling_front-top_125g.jpg","type":"image\/jpeg"}],"twitter_card":"summary_large_image","twitter_misc":{"Arvioitu lukuaika":"1 minuutti"},"schema":{"@context":"https:\/\/schema.org","@graph":[{"@type":"WebPage","@id":"https:\/\/secret.iisilogistiikka.fi\/shop\/tuote\/taylors-of-harrogate-afternoon-darjeeling-125-g\/","url":"https:\/\/secret.iisilogistiikka.fi\/shop\/tuote\/taylors-of-harrogate-afternoon-darjeeling-125-g\/","name":"Taylors Of Harrogate - Afternoon Darjeeling Leaf Tea, 125 G - Iisishopping","isPartOf":{"@id":"https:\/\/secret.iisilogistiikka.fi\/shop\/#website"},"datePublished":"2022-10-31T15:06:06+00:00","dateModified":"2025-04-10T21:49:33+00:00","description":"Hienostunut musta tee, joka ker\u00e4t\u00e4\u00e4n Himalajan vuoristosta teen kukan ollessa parhaimmillaan.","breadcrumb":{"@id":"https:\/\/secret.iisilogistiikka.fi\/shop\/tuote\/taylors-of-harrogate-afternoon-darjeeling-125-g\/#breadcrumb"},"inLanguage":"fi","potentialAction":[{"@type":"ReadAction","target":["https:\/\/secret.iisilogistiikka.fi\/shop\/tuote\/taylors-of-harrogate-afternoon-darjeeling-125-g\/"]}]},{"@type":"BreadcrumbList","@id":"https:\/\/secret.iisilogistiikka.fi\/shop\/tuote\/taylors-of-harrogate-afternoon-darjeeling-125-g\/#breadcrumb","itemListElement":[{"@type":"ListItem","position":1,"name":"Etusivu","item":"https:\/\/secret.iisilogistiikka.fi\/shop\/"},{"@type":"ListItem","position":2,"name":"Kauppa","item":"https:\/\/secret.iisilogistiikka.fi\/shop\/kauppa\/"},{"@type":"ListItem","position":3,"name":"Taylors Of Harrogate &#8211; Afternoon Darjeeling Leaf Tea, 125 G"}]},{"@type":"WebSite","@id":"https:\/\/secret.iisilogistiikka.fi\/shop\/#website","url":"https:\/\/secret.iisilogistiikka.fi\/shop\/","name":"Iisishopping","description":"B2B tukkukauppa kaupoille ja yrityksille","publisher":{"@id":"https:\/\/secret.iisilogistiikka.fi\/shop\/#organization"},"potentialAction":[{"@type":"SearchAction","target":{"@type":"EntryPoint","urlTemplate":"https:\/\/secret.iisilogistiikka.fi\/shop\/?s={search_term_string}"},"query-input":"required name=search_term_string"}],"inLanguage":"fi"},{"@type":"Organization","@id":"https:\/\/secret.iisilogistiikka.fi\/shop\/#organization","name":"Iisishopping","url":"https:\/\/secret.iisilogistiikka.fi\/shop\/","logo":{"@type":"ImageObject","inLanguage":"fi","@id":"https:\/\/secret.iisilogistiikka.fi\/shop\/#\/schema\/logo\/image\/","url":"https:\/\/secret.iisilogistiikka.fi\/shop\/wp-content\/uploads\/2022\/06\/cropped-iisishopping.png","contentUrl":"https:\/\/secret.iisilogistiikka.fi\/shop\/wp-content\/uploads\/2022\/06\/cropped-iisishopping.png","width":1500,"height":750,"caption":"Iisishopping"},"image":{"@id":"https:\/\/secret.iisilogistiikka.fi\/shop\/#\/schema\/logo\/image\/"},"sameAs":["https:\/\/www.facebook.com\/iisilogistiikka"]}]}},"jetpack_sharing_enabled":true,"_links":{"self":[{"href":"https:\/\/secret.iisilogistiikka.fi\/shop\/wp-json\/wp\/v2\/product\/397"}],"collection":[{"href":"https:\/\/secret.iisilogistiikka.fi\/shop\/wp-json\/wp\/v2\/product"}],"about":[{"href":"https:\/\/secret.iisilogistiikka.fi\/shop\/wp-json\/wp\/v2\/types\/product"}],"replies":[{"embeddable":true,"href":"https:\/\/secret.iisilogistiikka.fi\/shop\/wp-json\/wp\/v2\/comments?post=397"}],"wp:featuredmedia":[{"embeddable":true,"href":"https:\/\/secret.iisilogistiikka.fi\/shop\/wp-json\/wp\/v2\/media\/400"}],"wp:attachment":[{"href":"https:\/\/secret.iisilogistiikka.fi\/shop\/wp-json\/wp\/v2\/media?parent=397"}],"wp:term":[{"taxonomy":"product_cat","embeddable":true,"href":"https:\/\/secret.iisilogistiikka.fi\/shop\/wp-json\/wp\/v2\/product_cat?post=397"},{"taxonomy":"product_tag","embeddable":true,"href":"https:\/\/secret.iisilogistiikka.fi\/shop\/wp-json\/wp\/v2\/product_tag?post=397"}],"curies":[{"name":"wp","href":"https:\/\/api.w.org\/{rel}","templated":true}]}}